15
Calculate the greatest common divisor of 83 and 581.
83
Calculate the highest common divisor of 80 and 3470.
10
What is the highest common divisor of 30 and 80?
10
Calculate the greatest common divisor of 1798 and 93.
31
What is the greatest common divisor of 990 and 765?
45
Calculate the greatest common divisor of 20 and 320.
20
Calculate the highest common factor of 19 and 152.
19
Calculate the greatest common factor of 13279 and 49.
49
What is the greatest common factor of 264 and 726?
66
Calculate the highest common factor of 6840 and 216.
72
What is the highest common divisor of 208 and 91?
13
What is the highest common divisor of 18 and 5058?
18
Calculate the greatest common factor of 108 and 84.
12
What is the highest common divisor of 44 and 726?
22
Calculate the greatest common factor of 270 and 1845.
45
Calculate the highest common factor of 414 and 15.
3
Calculate the highest common factor of 34 and 2.
2
What is the greatest common factor of 190 and 1216?
38
What is the greatest common divisor of 396 and 3916?
44
Calculate the highest common factor of 3546 and 18.
18
Calculate the greatest common divisor of 1040 and 60.
20
What is the greatest common divisor of 20 and 340?
20
What is the greatest common factor of 10 and 115?
5
Calculate the highest common divisor of 966 and 84.
42
What is the highest common divisor of 37 and 7?
1
What is the greatest common factor of 1926 and 1498?
214
Calculate the greatest common factor of 114 and 102.
6
What is the greatest common divisor of 290 and 2?
2
What is the highest common divisor of 24 and 488?
8
Calculate the greatest common divisor of 154 and 18634.
154
What is the greatest common factor of 8 and 904?
8
Calculate the highest common factor of 946 and 33.
11
Calculate the greatest common divisor of 8633 and 97.
97
What is the greatest common divisor of 204 and 120?
12
What is the greatest common divisor of 3161 and 87?
29
Calculate the highest common factor of 3782 and 496.
62
Calculate the greatest common divisor of 7 and 14.
7
What is the greatest common divisor of 1677 and 78?
39
Calculate the highest common divisor of 450 and 18.
18
What is the highest common divisor of 3549 and 91?
91
Calculate the highest common factor of 3397 and 86.
43
Calculate the greatest common factor of 128 and 224.
32
Calculate the highest common factor of 121 and 37873.
121
Calculate the greatest common divisor of 2 and 98.
2
Calculate the highest common divisor of 22743 and 63.
63
What is the highest common divisor of 11 and 88?
11
What is the highest common divisor of 22 and 902?
22
Calculate the greatest common divisor of 164 and 4.
4
What is the highest common factor of 2 and 7?
1
What is the highest common factor of 7191 and 282?
141
Calculate the greatest common divisor of 10 and 6.
2
Calculate the highest common factor of 952 and 102.
34
Calculate the highest common factor of 37 and 1184.
37
What is the greatest common divisor of 760 and 60?
20
Calculate the greatest common factor of 160 and 50.
10
Calculate the highest common factor of 424 and 24.
8
Calculate the highest common factor of 750 and 42.
6
Calculate the highest common factor of 201 and 3.
3
Calculate the greatest common divisor of 133 and 931.
133
What is the greatest common divisor of 738 and 54?
18
Calculate the highest common factor of 5110 and 70.
70
What is the greatest common divisor of 126 and 11802?
42
What is the highest common factor of 954 and 45?
9
Calculate the greatest common divisor of 2064 and 48.
48
What is the greatest common divisor of 1467 and 9?
9
Calculate the greatest common factor of 10795 and 5.
5
Calculate the highest common divisor of 319 and 253.
11
What is the greatest common divisor of 512 and 128?
128
Calculate the greatest common divisor of 1258 and 34.
34
What is the highest common factor of 1616 and 16?
16
What is the greatest common factor of 102 and 12?
6
What is the highest common factor of 2842 and 245?
49
What is the highest common divisor of 10088 and 312?
104
Calculate the highest common divisor of 2890 and 10.
10
Calculate the highest common divisor of 25 and 9.
1
Calculate the greatest common factor of 109 and 8066.
109
What is the greatest common factor of 12 and 162?
6
Calculate the greatest common factor of 70 and 504.
14
What is the greatest common divisor of 122 and 976?
122
What is the greatest common divisor of 7 and 4837?
7
What is the highest common divisor of 897 and 546?
39
What is the highest common factor of 83 and 1328?
83
Calculate the greatest common factor of 369 and 675.
9
What is the greatest common divisor of 91 and 4949?
7
Calculate the highest common factor of 551 and 76.
19
What is the highest common divisor of 528 and 14608?
176
Calculate the greatest common divisor of 625 and 20.
5
Calculate the highest common factor of 71 and 497.
71
What is the greatest common factor of 544 and 4216?
136
What is the highest common divisor of 854 and 28?
14
What is the highest common factor of 2739 and 2241?
249
What is the greatest common divisor of 399 and 231?
21
Calculate the highest common factor of 26 and 923.
13
What is the greatest common factor of 783 and 27?
27
What is the greatest common divisor of 1440 and 40?
40
What is the highest common factor of 27 and 90?
9
Calculate the highest common divisor of 9180 and 1350.
270
What is the greatest common divisor of 80 and 2320?
80
Calculate the highest common divisor of 1570 and 100.
10
What is the highest common divisor of 3366 and 36?
18
Calculate the highest common factor of 20 and 1660.
20
What is the highest common divisor of 455 and 160?
5
Calculate the greatest common factor of 525 and 56.
7
Calculate the greatest common divisor of 2032 and 381.
127
What is the greatest common factor of 3068 and 91?
13
What is the highest common factor of 1162 and 14?
14
What is the greatest common factor of 1833 and 1677?
39
What is the highest common factor of 963 and 214?
107
What is the highest common factor of 954 and 1590?
318
Calculate the highest common factor of 3485 and 425.
85
What is the highest common factor of 58 and 1363?
29
Calculate the greatest common divisor of 38 and 266.
38
What is the greatest common divisor of 12402 and 195?
39
Calculate the greatest common divisor of 480 and 1660.
20
What is the highest common factor of 30 and 8805?
15
What is the greatest common divisor of 1992 and 48?
24
What is the highest common factor of 1518 and 2760?
138
What is the highest common divisor of 54 and 18?
18
What is the highest common divisor of 91 and 104?
13
What is the highest common factor of 78 and 13650?
78
What is the highest common factor of 646 and 85?
17
Calculate the highest common factor of 364 and 28.
28
Calculate the greatest common divisor of 118 and 236.
118
What is the highest common factor of 36 and 264?
12
Calculate the greatest common divisor of 429 and 117.
39
What is the highest common divisor of 56 and 1274?
14
Calculate the greatest common factor of 495 and 99.
99
Calculate the highest common divisor of 102 and 306.
102
What is the highest common divisor of 1898 and 26?
26
What is the greatest common factor of 670 and 80?
10
Calculate the highest common factor of 161 and 63.
7
What is the highest common factor of 18 and 102?
6
Calculate the greatest common divisor of 247 and 13.
13
Calculate the greatest common divisor of 15 and 33.
3
Calculate the greatest common divisor of 8678 and 2.
2
Calculate the greatest common factor of 2 and 13.
1
What is the greatest common divisor of 98 and 22393?
49
What is the greatest common divisor of 25 and 4?
1
What is the highest common factor of 50 and 30?
10
What is the highest common factor of 194 and 97?
97
What is the greatest common factor of 57 and 323?
19
Calculate the greatest common divisor of 6450 and 774.
258
Calculate the greatest common divisor of 175 and 280.
35
Calculate the greatest common divisor of 138 and 759.
69
Calculate the greatest common divisor of 534 and 12.
6
Calculate the greatest common factor of 76 and 551.
19
Calculate the highest common divisor of 205 and 5.
5
What is the greatest common factor of 13 and 26?
13
What is the highest common factor of 150 and 30?
30
What is the highest common divisor of 84 and 1974?
42
Calculate the gr